{"id":5587,"date":"2021-02-10T10:48:56","date_gmt":"2021-02-10T09:48:56","guid":{"rendered":"https:\/\/www.adlsantjosep.com\/curs\/certificat-digital-factura-electronica-relacions-ladministracio-via-electronica\/"},"modified":"2021-02-10T10:53:22","modified_gmt":"2021-02-10T09:53:22","slug":"certificado-digital-factura-electronica-y-relaciones-con-la-administracion-por-via-electronica","status":"publish","type":"tribe_events","link":"https:\/\/www.adlsantjosep.com\/es\/curso\/certificado-digital-factura-electronica-y-relaciones-con-la-administracion-por-via-electronica\/","title":{"rendered":"Certificado digital, factura electr\u00f3nica y relaciones con la Administraci\u00f3n por v\u00eda electr\u00f3nica"},"content":{"rendered":"<p>\u00bfSabes como puedes contratar con una administraci\u00f3n p\u00fablica? \u00bfTienes certificado electr\u00f3nico? \u00bfSabes para que sirve?<\/p>\n<p>La Agencia de Desarrollo Local de Sant Josep te propone una nueva formaci\u00f3n que ha sido impulsada por la Concejal\u00eda de Contrataci\u00f3n, Comercio e Industria, en formato virtual, para conocer estas gestiones digitales, saber como aplicarlas y comunicarte con la Administraci\u00f3n.<\/p>\n<p>Albert Moreno, gestor y consultor de proyectos digitales con amplia experiencia en la automatizaci\u00f3n de procesos y la digitalizaci\u00f3n global de empresas. Especialista en presencia digital.<\/p>\n<p><strong>Contenido:<\/strong> \u201cCertificado digital, factura electr\u00f3nica y relaciones con la Administraci\u00f3n por v\u00eda electr\u00f3nica\u201d<\/p>\n<p><strong>Fecha:<\/strong> S\u00e1bado 20\/02\/2021 de 14 a 16\u202fh<\/p>\n<p><a href=\"https:\/\/welovemedia.typeform.com\/to\/hoa25nG5\"><b><span style=\"text-decoration: underline;\">Inscripciones<\/span><\/b><\/a><\/p>\n","protected":false},"excerpt":{"rendered":"<p>\u00bfSabes como puedes contratar con una administraci\u00f3n p\u00fablica? \u00bfTienes certificado electr\u00f3nico? \u00bfSabes para que sirve? La Agencia de Desarrollo Local de Sant Josep te propone una nueva formaci\u00f3n que ha [&hellip;]<\/p>\n","protected":false},"author":18,"featured_media":5599,"template":"","meta":{"_tribe_events_status":"","_tribe_events_status_reason":"","_tribe_events_is_hybrid":"","_tribe_events_is_virtual":"","_tribe_events_virtual_video_source":"","_tribe_events_virtual_embed_video":"","_tribe_events_virtual_linked_button_text":"","_tribe_events_virtual_linked_button":"","_tribe_events_virtual_show_embed_at":"","_tribe_events_virtual_show_embed_to":[],"_tribe_events_virtual_show_on_event":"","_tribe_events_virtual_show_on_views":"","_tribe_events_virtual_url":"","footnotes":""},"tags":[288,337,290,379,381],"tribe_events_cat":[],"class_list":["post-5587","tribe_events","type-tribe_events","status-publish","has-post-thumbnail","tag-administracio-es","tag-administracion","tag-cursos-es","tag-digitalitzacio-es","tag-digitalizacion"],"yoast_head":"<!-- This site is optimized with the Yoast SEO plugin v27.1.1 - https:\/\/yoast.com\/product\/yoast-seo-wordpress\/ -->\n<title>Relaciones con la Administraci\u00f3n por v\u00eda electr\u00f3nica - Adl Sant Josep<\/title>\n<meta name=\"description\" content=\"Certificado digital, factura electr\u00f3nica y relaciones con la Administraci\u00f3n por v\u00eda electr\u00f3nica. Como contratar con la Administraci\u00f3n p\u00fablica\" \/>\n<meta name=\"robots\" content=\"index, follow, max-snippet:-1, max-image-preview:large, max-video-preview:-1\" \/>\n<link rel=\"canonical\" href=\"https:\/\/www.adlsantjosep.com\/es\/curso\/certificado-digital-factura-electronica-y-relaciones-con-la-administracion-por-via-electronica\/\" \/>\n<meta property=\"og:locale\" content=\"es_ES\" \/>\n<meta property=\"og:type\" content=\"article\" \/>\n<meta property=\"og:title\" content=\"Relaciones con la Administraci\u00f3n por v\u00eda electr\u00f3nica - Adl Sant Josep\" \/>\n<meta property=\"og:description\" content=\"Certificado digital, factura electr\u00f3nica y relaciones con la Administraci\u00f3n por v\u00eda electr\u00f3nica. Como contratar con la Administraci\u00f3n p\u00fablica\" \/>\n<meta property=\"og:url\" content=\"https:\/\/www.adlsantjosep.com\/es\/curso\/certificado-digital-factura-electronica-y-relaciones-con-la-administracion-por-via-electronica\/\" \/>\n<meta property=\"og:site_name\" content=\"Agencia de Desarrollo Local de Sant Josep de sa Talaia\" \/>\n<meta property=\"article:publisher\" content=\"https:\/\/www.facebook.com\/adlsantjosep\/\" \/>\n<meta property=\"article:modified_time\" content=\"2021-02-10T09:53:22+00:00\" \/>\n<meta property=\"og:image\" content=\"https:\/\/www.adlsantjosep.com\/wp-content\/uploads\/2021\/02\/Administracio_Cuadrado@2x.png\" \/>\n\t<meta property=\"og:image:width\" content=\"2401\" \/>\n\t<meta property=\"og:image:height\" content=\"2401\" \/>\n\t<meta property=\"og:image:type\" content=\"image\/png\" \/>\n<meta name=\"twitter:card\" content=\"summary_large_image\" \/>\n<meta name=\"twitter:site\" content=\"@adlsantjosep\" \/>\n<meta name=\"twitter:label1\" content=\"Tiempo de lectura\" \/>\n\t<meta name=\"twitter:data1\" content=\"1 minuto\" \/>\n<script type=\"application\/ld+json\" class=\"yoast-schema-graph\">{\"@context\":\"https:\/\/schema.org\",\"@graph\":[{\"@type\":\"WebPage\",\"@id\":\"https:\/\/www.adlsantjosep.com\/es\/curso\/certificado-digital-factura-electronica-y-relaciones-con-la-administracion-por-via-electronica\/\",\"url\":\"https:\/\/www.adlsantjosep.com\/es\/curso\/certificado-digital-factura-electronica-y-relaciones-con-la-administracion-por-via-electronica\/\",\"name\":\"Relaciones con la Administraci\u00f3n por v\u00eda electr\u00f3nica - Adl Sant Josep\",\"isPartOf\":{\"@id\":\"https:\/\/www.adlsantjosep.com\/#website\"},\"primaryImageOfPage\":{\"@id\":\"https:\/\/www.adlsantjosep.com\/es\/curso\/certificado-digital-factura-electronica-y-relaciones-con-la-administracion-por-via-electronica\/#primaryimage\"},\"image\":{\"@id\":\"https:\/\/www.adlsantjosep.com\/es\/curso\/certificado-digital-factura-electronica-y-relaciones-con-la-administracion-por-via-electronica\/#primaryimage\"},\"thumbnailUrl\":\"https:\/\/www.adlsantjosep.com\/wp-content\/uploads\/2021\/02\/Administracio_Cuadrado@2x.png\",\"datePublished\":\"2021-02-10T09:48:56+00:00\",\"dateModified\":\"2021-02-10T09:53:22+00:00\",\"description\":\"Certificado digital, factura electr\u00f3nica y relaciones con la Administraci\u00f3n por v\u00eda electr\u00f3nica. Como contratar con la Administraci\u00f3n p\u00fablica\",\"breadcrumb\":{\"@id\":\"https:\/\/www.adlsantjosep.com\/es\/curso\/certificado-digital-factura-electronica-y-relaciones-con-la-administracion-por-via-electronica\/#breadcrumb\"},\"inLanguage\":\"es\",\"potentialAction\":[{\"@type\":\"ReadAction\",\"target\":[\"https:\/\/www.adlsantjosep.com\/es\/curso\/certificado-digital-factura-electronica-y-relaciones-con-la-administracion-por-via-electronica\/\"]}]},{\"@type\":\"ImageObject\",\"inLanguage\":\"es\",\"@id\":\"https:\/\/www.adlsantjosep.com\/es\/curso\/certificado-digital-factura-electronica-y-relaciones-con-la-administracion-por-via-electronica\/#primaryimage\",\"url\":\"https:\/\/www.adlsantjosep.com\/wp-content\/uploads\/2021\/02\/Administracio_Cuadrado@2x.png\",\"contentUrl\":\"https:\/\/www.adlsantjosep.com\/wp-content\/uploads\/2021\/02\/Administracio_Cuadrado@2x.png\",\"width\":2401,\"height\":2401},{\"@type\":\"BreadcrumbList\",\"@id\":\"https:\/\/www.adlsantjosep.com\/es\/curso\/certificado-digital-factura-electronica-y-relaciones-con-la-administracion-por-via-electronica\/#breadcrumb\",\"itemListElement\":[{\"@type\":\"ListItem\",\"position\":1,\"name\":\"Portada\",\"item\":\"https:\/\/www.adlsantjosep.com\/es\/\"},{\"@type\":\"ListItem\",\"position\":2,\"name\":\"Esdeveniments\",\"item\":\"https:\/\/www.adlsantjosep.com\/cursos\/\"},{\"@type\":\"ListItem\",\"position\":3,\"name\":\"Certificado digital, factura electr\u00f3nica y relaciones con la Administraci\u00f3n por v\u00eda electr\u00f3nica\"}]},{\"@type\":\"WebSite\",\"@id\":\"https:\/\/www.adlsantjosep.com\/#website\",\"url\":\"https:\/\/www.adlsantjosep.com\/\",\"name\":\"Ag\u00e8ncia de Desenvolupament Local de Sant Josep de sa Talaia\",\"description\":\"Agencia de Desarrollo Local\",\"potentialAction\":[{\"@type\":\"SearchAction\",\"target\":{\"@type\":\"EntryPoint\",\"urlTemplate\":\"https:\/\/www.adlsantjosep.com\/?s={search_term_string}\"},\"query-input\":{\"@type\":\"PropertyValueSpecification\",\"valueRequired\":true,\"valueName\":\"search_term_string\"}}],\"inLanguage\":\"es\"}]}<\/script>\n<!-- \/ Yoast SEO plugin. -->","yoast_head_json":{"title":"Relaciones con la Administraci\u00f3n por v\u00eda electr\u00f3nica - Adl Sant Josep","description":"Certificado digital, factura electr\u00f3nica y relaciones con la Administraci\u00f3n por v\u00eda electr\u00f3nica. Como contratar con la Administraci\u00f3n p\u00fablica","robots":{"index":"index","follow":"follow","max-snippet":"max-snippet:-1","max-image-preview":"max-image-preview:large","max-video-preview":"max-video-preview:-1"},"canonical":"https:\/\/www.adlsantjosep.com\/es\/curso\/certificado-digital-factura-electronica-y-relaciones-con-la-administracion-por-via-electronica\/","og_locale":"es_ES","og_type":"article","og_title":"Relaciones con la Administraci\u00f3n por v\u00eda electr\u00f3nica - Adl Sant Josep","og_description":"Certificado digital, factura electr\u00f3nica y relaciones con la Administraci\u00f3n por v\u00eda electr\u00f3nica. Como contratar con la Administraci\u00f3n p\u00fablica","og_url":"https:\/\/www.adlsantjosep.com\/es\/curso\/certificado-digital-factura-electronica-y-relaciones-con-la-administracion-por-via-electronica\/","og_site_name":"Agencia de Desarrollo Local de Sant Josep de sa Talaia","article_publisher":"https:\/\/www.facebook.com\/adlsantjosep\/","article_modified_time":"2021-02-10T09:53:22+00:00","og_image":[{"width":2401,"height":2401,"url":"https:\/\/www.adlsantjosep.com\/wp-content\/uploads\/2021\/02\/Administracio_Cuadrado@2x.png","type":"image\/png"}],"twitter_card":"summary_large_image","twitter_site":"@adlsantjosep","twitter_misc":{"Tiempo de lectura":"1 minuto"},"schema":{"@context":"https:\/\/schema.org","@graph":[{"@type":"WebPage","@id":"https:\/\/www.adlsantjosep.com\/es\/curso\/certificado-digital-factura-electronica-y-relaciones-con-la-administracion-por-via-electronica\/","url":"https:\/\/www.adlsantjosep.com\/es\/curso\/certificado-digital-factura-electronica-y-relaciones-con-la-administracion-por-via-electronica\/","name":"Relaciones con la Administraci\u00f3n por v\u00eda electr\u00f3nica - Adl Sant Josep","isPartOf":{"@id":"https:\/\/www.adlsantjosep.com\/#website"},"primaryImageOfPage":{"@id":"https:\/\/www.adlsantjosep.com\/es\/curso\/certificado-digital-factura-electronica-y-relaciones-con-la-administracion-por-via-electronica\/#primaryimage"},"image":{"@id":"https:\/\/www.adlsantjosep.com\/es\/curso\/certificado-digital-factura-electronica-y-relaciones-con-la-administracion-por-via-electronica\/#primaryimage"},"thumbnailUrl":"https:\/\/www.adlsantjosep.com\/wp-content\/uploads\/2021\/02\/Administracio_Cuadrado@2x.png","datePublished":"2021-02-10T09:48:56+00:00","dateModified":"2021-02-10T09:53:22+00:00","description":"Certificado digital, factura electr\u00f3nica y relaciones con la Administraci\u00f3n por v\u00eda electr\u00f3nica. Como contratar con la Administraci\u00f3n p\u00fablica","breadcrumb":{"@id":"https:\/\/www.adlsantjosep.com\/es\/curso\/certificado-digital-factura-electronica-y-relaciones-con-la-administracion-por-via-electronica\/#breadcrumb"},"inLanguage":"es","potentialAction":[{"@type":"ReadAction","target":["https:\/\/www.adlsantjosep.com\/es\/curso\/certificado-digital-factura-electronica-y-relaciones-con-la-administracion-por-via-electronica\/"]}]},{"@type":"ImageObject","inLanguage":"es","@id":"https:\/\/www.adlsantjosep.com\/es\/curso\/certificado-digital-factura-electronica-y-relaciones-con-la-administracion-por-via-electronica\/#primaryimage","url":"https:\/\/www.adlsantjosep.com\/wp-content\/uploads\/2021\/02\/Administracio_Cuadrado@2x.png","contentUrl":"https:\/\/www.adlsantjosep.com\/wp-content\/uploads\/2021\/02\/Administracio_Cuadrado@2x.png","width":2401,"height":2401},{"@type":"BreadcrumbList","@id":"https:\/\/www.adlsantjosep.com\/es\/curso\/certificado-digital-factura-electronica-y-relaciones-con-la-administracion-por-via-electronica\/#breadcrumb","itemListElement":[{"@type":"ListItem","position":1,"name":"Portada","item":"https:\/\/www.adlsantjosep.com\/es\/"},{"@type":"ListItem","position":2,"name":"Esdeveniments","item":"https:\/\/www.adlsantjosep.com\/cursos\/"},{"@type":"ListItem","position":3,"name":"Certificado digital, factura electr\u00f3nica y relaciones con la Administraci\u00f3n por v\u00eda electr\u00f3nica"}]},{"@type":"WebSite","@id":"https:\/\/www.adlsantjosep.com\/#website","url":"https:\/\/www.adlsantjosep.com\/","name":"Ag\u00e8ncia de Desenvolupament Local de Sant Josep de sa Talaia","description":"Agencia de Desarrollo Local","potentialAction":[{"@type":"SearchAction","target":{"@type":"EntryPoint","urlTemplate":"https:\/\/www.adlsantjosep.com\/?s={search_term_string}"},"query-input":{"@type":"PropertyValueSpecification","valueRequired":true,"valueName":"search_term_string"}}],"inLanguage":"es"}]}},"_links":{"self":[{"href":"https:\/\/www.adlsantjosep.com\/es\/wp-json\/wp\/v2\/tribe_events\/5587","targetHints":{"allow":["GET"]}}],"collection":[{"href":"https:\/\/www.adlsantjosep.com\/es\/wp-json\/wp\/v2\/tribe_events"}],"about":[{"href":"https:\/\/www.adlsantjosep.com\/es\/wp-json\/wp\/v2\/types\/tribe_events"}],"author":[{"embeddable":true,"href":"https:\/\/www.adlsantjosep.com\/es\/wp-json\/wp\/v2\/users\/18"}],"version-history":[{"count":0,"href":"https:\/\/www.adlsantjosep.com\/es\/wp-json\/wp\/v2\/tribe_events\/5587\/revisions"}],"wp:featuredmedia":[{"embeddable":true,"href":"https:\/\/www.adlsantjosep.com\/es\/wp-json\/wp\/v2\/media\/5599"}],"wp:attachment":[{"href":"https:\/\/www.adlsantjosep.com\/es\/wp-json\/wp\/v2\/media?parent=5587"}],"wp:term":[{"taxonomy":"post_tag","embeddable":true,"href":"https:\/\/www.adlsantjosep.com\/es\/wp-json\/wp\/v2\/tags?post=5587"},{"taxonomy":"tribe_events_cat","embeddable":true,"href":"https:\/\/www.adlsantjosep.com\/es\/wp-json\/wp\/v2\/tribe_events_cat?post=5587"}],"curies":[{"name":"wp","href":"https:\/\/api.w.org\/{rel}","templated":true}]}}

Certificado digital, factura electrónica y relaciones con la Administración por vía electrónica

<p>¿Sabes como puedes contratar con una administración pública? ¿Tienes certificado electrónico? ¿Sabes para que sirve?</p>
<p>La Agencia de Desarrollo Local de Sant Josep te propone una nueva formación que ha sido impulsada por la Concejalía de Contratación, Comercio e Industria, en formato virtual, para conocer estas gestiones digitales, saber como aplicarlas y comunicarte con la Administración.</p>
<p>Albert Moreno, gestor y consultor de proyectos digitales con amplia experiencia en la automatización de procesos y la digitalización global de empresas. Especialista en presencia digital.</p>
<p><strong>Contenido:</strong> “Certificado digital, factura electrónica y relaciones con la Administración por vía electrónica”</p>
<p><strong>Fecha:</strong> Sábado 20/02/2021 de 14 a 16 h</p>
<p><a href="https://welovemedia.typeform.com/to/hoa25nG5"><b><span style="text-decoration: underline;">Inscripciones</span></b></a></p>

<p>¿Sabes como puedes contratar con una administración pública? ¿Tienes certificado electrónico? ¿Sabes para que sirve? La Agencia de Desarrollo Local de Sant Josep te propone una nueva formación que ha [&hellip;]</p>

<!-- This site is optimized with the Yoast SEO plugin v27.1.1 - https://yoast.com/product/yoast-seo-wordpress/ -->
<title>Relaciones con la Administración por vía electrónica - Adl Sant Josep</title>
<meta name="description" content="Certificado digital, factura electrónica y relaciones con la Administración por vía electrónica. Como contratar con la Administración pública" />
<meta name="robots" content="index, follow, max-snippet:-1, max-image-preview:large, max-video-preview:-1" />
<link rel="canonical" href="https://www.adlsantjosep.com/es/curso/certificado-digital-factura-electronica-y-relaciones-con-la-administracion-por-via-electronica/" />
<meta property="og:locale" content="es_ES" />
<meta property="og:type" content="article" />
<meta property="og:title" content="Relaciones con la Administración por vía electrónica - Adl Sant Josep" />
<meta property="og:description" content="Certificado digital, factura electrónica y relaciones con la Administración por vía electrónica. Como contratar con la Administración pública" />
<meta property="og:url" content="https://www.adlsantjosep.com/es/curso/certificado-digital-factura-electronica-y-relaciones-con-la-administracion-por-via-electronica/" />
<meta property="og:site_name" content="Agencia de Desarrollo Local de Sant Josep de sa Talaia" />
<meta property="article:publisher" content="https://www.facebook.com/adlsantjosep/" />
<meta property="article:modified_time" content="2021-02-10T09:53:22+00:00" />
<meta property="og:image" content="https://www.adlsantjosep.com/wp-content/uploads/2021/02/Administracio_Cuadrado@2x.png" />
	<meta property="og:image:width" content="2401" />
	<meta property="og:image:height" content="2401" />
	<meta property="og:image:type" content="image/png" />
<meta name="twitter:card" content="summary_large_image" />
<meta name="twitter:site" content="@adlsantjosep" />
<meta name="twitter:label1" content="Tiempo de lectura" />
	<meta name="twitter:data1" content="1 minuto" />
<script type="application/ld+json" class="yoast-schema-graph">{"@context":"https://schema.org","@graph":[{"@type":"WebPage","@id":"https://www.adlsantjosep.com/es/curso/certificado-digital-factura-electronica-y-relaciones-con-la-administracion-por-via-electronica/","url":"https://www.adlsantjosep.com/es/curso/certificado-digital-factura-electronica-y-relaciones-con-la-administracion-por-via-electronica/","name":"Relaciones con la Administración por vía electrónica - Adl Sant Josep","isPartOf":{"@id":"https://www.adlsantjosep.com/#website"},"primaryImageOfPage":{"@id":"https://www.adlsantjosep.com/es/curso/certificado-digital-factura-electronica-y-relaciones-con-la-administracion-por-via-electronica/#primaryimage"},"image":{"@id":"https://www.adlsantjosep.com/es/curso/certificado-digital-factura-electronica-y-relaciones-con-la-administracion-por-via-electronica/#primaryimage"},"thumbnailUrl":"https://www.adlsantjosep.com/wp-content/uploads/2021/02/Administracio_Cuadrado@2x.png","datePublished":"2021-02-10T09:48:56+00:00","dateModified":"2021-02-10T09:53:22+00:00","description":"Certificado digital, factura electrónica y relaciones con la Administración por vía electrónica. Como contratar con la Administración pública","breadcrumb":{"@id":"https://www.adlsantjosep.com/es/curso/certificado-digital-factura-electronica-y-relaciones-con-la-administracion-por-via-electronica/#breadcrumb"},"inLanguage":"es","potentialAction":[{"@type":"ReadAction","target":["https://www.adlsantjosep.com/es/curso/certificado-digital-factura-electronica-y-relaciones-con-la-administracion-por-via-electronica/"]}]},{"@type":"ImageObject","inLanguage":"es","@id":"https://www.adlsantjosep.com/es/curso/certificado-digital-factura-electronica-y-relaciones-con-la-administracion-por-via-electronica/#primaryimage","url":"https://www.adlsantjosep.com/wp-content/uploads/2021/02/Administracio_Cuadrado@2x.png","contentUrl":"https://www.adlsantjosep.com/wp-content/uploads/2021/02/Administracio_Cuadrado@2x.png","width":2401,"height":2401},{"@type":"BreadcrumbList","@id":"https://www.adlsantjosep.com/es/curso/certificado-digital-factura-electronica-y-relaciones-con-la-administracion-por-via-electronica/#breadcrumb","itemListElement":[{"@type":"ListItem","position":1,"name":"Portada","item":"https://www.adlsantjosep.com/es/"},{"@type":"ListItem","position":2,"name":"Esdeveniments","item":"https://www.adlsantjosep.com/cursos/"},{"@type":"ListItem","position":3,"name":"Certificado digital, factura electrónica y relaciones con la Administración por vía electrónica"}]},{"@type":"WebSite","@id":"https://www.adlsantjosep.com/#website","url":"https://www.adlsantjosep.com/","name":"Agència de Desenvolupament Local de Sant Josep de sa Talaia","description":"Agencia de Desarrollo Local","potentialAction":[{"@type":"SearchAction","target":{"@type":"EntryPoint","urlTemplate":"https://www.adlsantjosep.com/?s={search_term_string}"},"query-input":{"@type":"PropertyValueSpecification","valueRequired":true,"valueName":"search_term_string"}}],"inLanguage":"es"}]}</script>
<!-- / Yoast SEO plugin. -->

Relaciones con la Administración por vía electrónica - Adl Sant Josep

Certificado digital, factura electrónica y relaciones con la Administración por vía electrónica. Como contratar con la Administración pública

Agència de Desenvolupament Local de Sant Josep de sa Talaia
